0968.
2, 11, 17, 41, 113
List the prime factors of 1596278.
2, 798139
List the prime factors of 2492215.
5, 11, 113, 401
What are the prime factors of 32782198?
2, 1181, 13879
List the prime factors of 368291.
7, 11, 4783
What are the prime factors of 5122296?
2, 3, 71143
List the prime factors of 1279339.
31, 41269
List the prime factors of 15521720.
2, 5, 59, 6577
What are the prime factors of 117369?
3, 7, 23
List the prime factors of 13338464.
2, 101, 4127
List the prime factors of 737764.
2, 184441
What are the prime factors of 293062?
2, 7, 11, 173
What are the prime factors of 829611?
3, 92179
What are the prime factors of 248558?
2, 19, 31, 211
What are the prime factors of 1056969?
3, 13049
List the prime factors of 21922.
2, 97, 113
List the prime factors of 8367002.
2, 7, 597643
List the prime factors of 51856.
2, 7, 463
What are the prime factors of 140903?
7, 20129
What are the prime factors of 15591101?
67, 97, 2399
List the prime factors of 6997962.
2, 3, 41, 28447
What are the prime factors of 197915?
5, 23, 1721
What are the prime factors of 28038698?
2, 14019349
List the prime factors of 59277.
3, 19759
List the prime factors of 3004492.
2, 751123
List the prime factors of 3395820.
2, 3, 5, 56597
What are the prime factors of 1356815?
5, 271363
List the prime factors of 281670.
2, 3, 5, 41, 229
List the prime factors of 120232.
2, 7, 19, 113
List the prime factors of 27819427.
27819427
List the prime factors of 24153881.
24153881
List the prime factors of 44009.
7, 6287
List the prime factors of 37895089.
37895089
List the prime factors of 16463749.
16463749
List the prime factors of 1969733.
67, 29399
What are the prime factors of 669956?
2, 7, 71, 337
List the prime factors of 1978182.
2, 3, 12211
List the prime factors of 523804.
2, 17, 7703
What are the prime factors of 573375?
3, 5, 11, 139
What are the prime factors of 4205590?
2, 5, 67, 6277
What are the prime factors of 1214793?
3, 43, 73
List the prime factors of 199663.
23, 8681
List the prime factors of 1834656.
2, 3, 29, 659
What are the prime factors of 595248?
2, 3, 12401
What are the prime factors of 7614076?
2, 173, 11003
List the prime factors of 17635466.
2, 31, 61, 4663
What are the prime factors of 1638297?
3, 29, 6277
What are the prime factors of 356663?
356663
List the prime factors of 8774268.
2, 3, 731189
List the prime factors of 57358.
2, 7, 17, 241
What are the prime factors of 4126565?
5, 31, 79, 337
List the prime factors of 1037.
17, 61
What are the prime factors of 273660?
2, 3, 5, 4561
List the prime factors of 6545277.
3, 71, 10243
List the prime factors of 4226645.
5, 19, 44491
List the prime factors of 837713.
31, 61, 443
What are the prime factors of 1144305?
3, 5, 59, 431
What are the prime factors of 289854?
2, 3, 16103
What are the prime factors of 620289?
3, 41
What are the prime factors of 2006651?
2006651
What are the prime factors of 9214403?
11, 837673
List the prime factors of 3684093.
3, 7, 175433
What are the prime factors of 3461204?
2, 865301
What are the prime factors of 1452635?
5, 290527
What are the prime factors of 3501171?
3, 31, 47, 89
What are the prime factors of 105257?
67, 1571
What are the prime factors of 267521?
267521
List the prime factors of 13072954.
2, 6536477
List the prime factors of 2142806.
2, 839, 1277
List the prime factors of 12414665.
5, 2482933
List the prime factors of 6156267.
3, 13, 43, 3671
List the prime factors of 433454.
2, 7, 4423
What are the prime factors of 10834745?
5, 2166949
What are the prime factors of 34521?
3, 37, 311
What are the prime factors of 523854?
2, 3, 89, 109
List the prime factors of 6743434.
2, 41, 82237
What are the prime factors of 3602451?
3, 191, 6287
What are the prime factors of 564345?
3, 5, 12541
What are the prime factors of 8601002?
2, 1187, 3623
List the prime factors of 147624.
2, 3, 6151
What are the prime factors of 451137?
3, 150379
List the prime factors of 6724130.
2, 5, 7, 96059
What are the prime factors of 4437805?
5, 31, 28631
List the prime factors of 1028410.
2, 5, 102841
List the prime factors of 5420822.
2, 11, 79, 3119
What are the prime factors of 91079?
91079
List the prime factors of 3219036.
2, 3, 268253
List the prime factors of 18292231.
19, 50671
What are the prime factors of 850763?
19, 44777
List the prime factors of 182619.
3, 103, 197
What are the prime factors of 17125618?
2, 41, 457
What are the prime factors of 12426361?
19, 654019
What are the prime factors of 7987359?
3, 2662453
List the prime factors of 781571.
7, 111653
What are the prime factors of 387042?
2, 3, 251, 257
What are the prime factors of 2000975?
5, 80039
What are the prime factors of 7946091?
3, 443, 1993
List the prime factors of 1353425.
5, 43, 1259
What are the prime factors of 215065?
5, 43013
What are the prime factors of 2572822?
2, 7, 29, 6337
What are the prime factors of 279333?
3, 41, 757
What are the prime factors of 439953?
3, 53, 2767
What are the prime factors of 19806?
2, 3, 3301
List the prime factors of 1765894.
2, 13, 23, 2953
What are the prime factors of 326016?
2, 3, 283
What are the prime factors of 3589413?
3, 1196471
List the prime factors of 673017.
3, 263, 853
List the prime factors of 12435127.
43, 289189
List the prime factors of 2450237.
373, 6569
What are the prime factors of 322627?
322627
What are the prime factors of 578902?
2, 37, 7823
List the prime factors of 1123946.
2, 561973
What are the prime factors of 10899220?
2, 5, 544961
What are the prime factors of 61826?
2, 19, 1627
What are the prime factors of 223345?
5, 19, 2351
List the prime factors of 1073502.
2, 3, 23, 2593
List the prime factors of 12380712.
2, 3, 167, 3089
What are the prime factors of 946859?
946859
List the prime factors of 26705482.
2, 499, 26759
List the prime factors of 120503.
120503
What are the prime factors of 19685180?
2, 5, 73, 97, 139
What are the prime factors of 34475112?
2, 3, 7, 151
What are the prime factors of 932313?
3, 310771
What are the prime factors of 25349739?
3, 8449913
What are the prime factors of 115926?
2, 3, 139
What are the prime factors of 389632?
2, 761
What are the prime factors of 443422?
2, 7, 19, 1667
List the prime factors of 783760.
2, 5, 97, 101
List the prime factors of 647470.
2, 5, 64747
List the prime factors of 128413.
128413
What are the prime factors of 167884?
2, 19, 47
What are the prime factors of 6692128?
2, 163, 1283
List the prime factors of 228426.
2, 3, 11, 3461
List the prime factors of 190145.
5, 17, 2237
List the prime factors of 408969.
3, 11, 17
What are the prime factors of 697687?
697687
List the prime factors of 1304323.
271, 4813
List the prime factors of 1210281.
3, 17, 19, 1249
What are the prime factors of 3328859?
23, 101, 1433
What are the prime factors of 309804?
2, 3, 11, 2347
What are the prime factors of 538451?
467, 1153
What are the prime factors of 169729?
7, 24247
List the prime factors of 380438.
2, 223, 853
What are the prime factors of 879072?
2, 3, 9157
What are the prime factors of 512677?
11, 19, 223
List the prime factors of 432738.
2, 3, 29, 829
List the prime factors of 48793.
59, 827
What are the prime factors of 154513?
17, 61, 149
What are the prime factors of 1436421?
3, 7, 73, 937
What are the prime factors of 6110038?
2, 11, 17, 31
What are the prime factors of 574837?
59, 9743
List the prime factors of 273928.
2, 97, 353
What are the prime factors of 2330547?
3, 17, 45697
What are the prime factors of 19082576?
2, 617, 1933
List the prime factors of 1302832.
2, 107, 761
What are the prime factors of 21930197?
383, 57259
List the prime factors of 23061.
3, 7687
List the prime factors of 125390.
2, 5, 12539
List the prime factors of 32258653.
7, 4608379
What are the prime factors of 10538697?
3, 13, 270223
List the prime factors of 428772.
2, 3, 35731
List the prime factors of 2617358.
2, 41, 59, 541
List the prime factors of 13720.
2, 5, 7
What are the prime factors of 13883200?
2, 5, 8677
List the prime factors of 220685.
5, 19, 23, 101
List the prime factors of 15481737.
3, 23, 29, 2579
What are the prime factors of 913940?
2, 5, 45697
List the prime factors of 2938426.
2, 19, 53, 1459
What are the prime factors of 491181?
3, 17, 9631
List the prime factors 